lculate the remainder when t(l) is divided by 1/3 + 6/9.
0
Let o(g) = -3*g - 2. Let p be o(-2). Suppose 20 = 2*x + 3*x, -x = -5*n + 1. What is the remainder when p/14 + (-12)/(-7) is divided by n?
0
Let w(t) = -2*t - 8. Calculate the remainder when 56 is divided by w(-14).
16
Suppose 3*t + 35 = 5*j, -2*t = -4*j - 8 + 36. Calculate the remainder when 11 is divided by j.
4
Let p = 48 + -28. Calculate the remainder when 58 is divided by p.
18
What is the remainder when 17 is divided by 3/(-6)*(2 + -24)?
6
Suppose -2*l + 5*r - 9 = 0, 0*r - 5*r = -4*l - 3. Calculate the remainder when 9 is divided by l.
0
Suppose -a + 4*s = -6 + 4, -2*s = -2*a + 4. Calculate the remainder when a is divided by 1.
0
Suppose n + 5 - 30 = 0. Calculate the remainder when n is divided by 2/4 - (-17)/2.
7
Suppose -4*v - 2*p = -3*v - 7, -p + 3 = v. Let r = -37 - -55. Calculate the remainder when r is divided by (2*v)/((-2)/7).
4
Suppose 2*v + 4 = y - 2*y, 0 = -3*v. Let t = 14 + y. What is the remainder when 18 is divided by t?
8
Suppose y + 0*v - 159 = v, -y + 147 = 2*v. Calculate the remainder when y is divided by 52.
51
Suppose 15 = j + 5*k - 18, -2*j = 3*k - 31. What is the remainder when j is divided by 3?
2
Let m = 27 - 16. Suppose 4*f + 2*d = 16, 4*f + 0*d = -4*d + 8. Suppose 0 = f*p - 4*p - 4*q - 56, -4*p + 138 = 5*q. What is the remainder when p is divided by m?
10
Let q(k) = -2*k + k**3 + 0*k**3 - 2 - 1 + 4*k**2. Calculate the remainder when 25 is divided by q(-2).
7
Suppose 0 = g + 2 - 11. Suppose 4*t + 4 = r + 4*r, 0 = -r - 4*t - 4. Suppose i + 4*i - 80 = r. What is the remainder when i is divided by g?
7
Let b(y) = 2*y + 2. Let i be b(3). Suppose -n - n = 4*p - 18, -p - i = 3*n. What is the remainder when 9 - -1 - (-10 + 7) is divided by p?
6
Let x = 86 - 76. Calculate the remainder when 22 is divided by x.
2
Let d(p) = p + 1. What is the remainder when d(4) is divided by 2?
1
Suppose -2 = -r - 0. Let l(v) = -v**2 + 8*v - 3. Let o be l(7). Suppose -d - o = -3*d. Calculate the remainder when r is divided by d.
0
Let d(i) be the first derivative of -i**4/4 + 13*i**3/3 - 6*i**2 + 12*i + 5. Calculate the remainder when 45 is divided by d(12).
9
Suppose -3*v + 7 = -8. Suppose 12 - 2 = v*d. Calculate the remainder when 4 is divided by d.
0
Let f = 67 + -47. Calculate the remainder when 58 is divided by f.
18
What is the remainder when 15 is divided by 1/(-4 - 37/(-9))?
6
Suppose 2*w + 24 = 42. What is the remainder when 26 is divided by w?
8
Let m = -77 - -134. What is the remainder when 111 is divided by m?
54
Let n(y) = -10*y + 7. Let i be n(-6). Suppose -3*p + i = 16. Calculate the remainder when p is divided by 5.
2
Let o = -39 + 121. Calculate the remainder when o is divided by 21.
19
Suppose 2*c = -9*o + 6*o + 11, 0 = -o - 5. Suppose 35 = 3*j - 76. Calculate the remainder when j is divided by c.
11
Let c(l) = 2*l - 6. Let t be c(7). Suppose 0 = 5*j - 77 - t. Calculate the remainder when 32 is divided by j.
15
Let r(t) = t**2 - 4*t - 4. Let y be r(4). Let o = y + 6. Calculate the remainder when o is divided by 2.
0
Suppose -2*h = -5*h - 6. Calculate the remainder when (15 - 4) + (-6)/(-3) is divided by -1*1*(-3 + h).
3
Suppose -z - 285 = -6*z. Suppose 0*q = -2*q - 4*n + 108, z = q + n. Suppose 137 = 4*a - r, r - q = -2*a + 13. Calculate the remainder when a is divided by 12.
11
Let x be 2*(1 + -2) + 6. Let r(m) = -m**3 + 5*m**2 + 2*m - 5. Calculate the remainder when 36 is divided by r(x).
17
Suppose -4*f + 8 = 4*a, 8 = -f + 2*f - 2*a. Suppose f*x = -x + 20. Let s = -10 + 21. Calculate the remainder when s is divided by x.
3
Let s = -20 + 29. Suppose -4*x + s*x = 45. What is the remainder when 236/7 + 4/14 is divided by x?
7
Suppose 39 = -x + 2*x. Let m = x + -24. What is the remainder when 27 is divided by m?
12
Let o = -13 + 20. Let u = -46 - -66. Calculate the remainder when u is divided by o.
6
Let c(f) = f**2 - 2*f + 6. Let v(t) = 6*t - 2*t - 2*t - 4 + 6*t**2 - t**3 + 0*t. What is the remainder when c(5) is divided by v(6)?
5
Suppose 4*f + 60 = 4*b, b = -5*f - 13 - 2. Let r(i) = -i**3 + 5*i**2 - 3*i - 4. Calculate the remainder when (9/(-5))/((-2)/b) is divided by r(3).
4
Let m(u) = 3*u**2 + 9*u - 14. What is the remainder when m(3) is divided by 15?
10
What is the remainder when 33 is divided by (-3)/(-18)*34 + 2/6?
3
Suppose -h + 5*m + 124 = 0, m = -h + 3*h - 203. Calculate the remainder when h is divided by 25.
24
Suppose -4*b - 60 = -220. Let w be -1 + 11 + (2 - 0). What is the remainder when b is divided by (3 - 1) + w/1?
12
Let a = 3 - 5. Let u = -10 - -7. Calculate the remainder when 34 is divided by a/(-6) - 35/u.
10
What is the remainder when 31 is divided by (-400)/(-35) - (-12)/21?
7
Let l = 5 - 1. Let c = -1 + 3. Calculate the remainder when l is divided by c.
0
Let a(m) = m**2 + m + 14. Let v(j) = j + 3. Let s be v(-3). What is the remainder when a(s) is divided by 5?
4
Let h = -14 - -3. Let g = h + 53. Let v = g + -25. Calculate the remainder when v is divided by 9.
8
Suppose 3*g = -9, -z + 65 = -3*g - 40. Let l = z - 61. What is the remainder when l is divided by 12?
11
Suppose -3*v - l + 183 = -2*l, -5*l = 0. Suppose d - 34 = -t, 4*d - 4 = 4*t + 116. What is the remainder when v is divided by d?
29
Suppose 8 = 4*p + 4*u, -31 = -5*p + u + u. Calculate the remainder when 18 is divided by p.
3
Suppose 5*u - 53 = w + 24, 41 = 2*u + 3*w. What is the remainder when 46 is divided by u?
14
Suppose -2*d + 22 = 10. Calculate the remainder when 20 is divided by d.
2
Let u(o) = -2*o**3 - 4*o**2 - 8*o - 12. What is the remainder when u(-5) is divided by 36?
34
Suppose 0 = 3*z + 5*p - 55, -17 = -4*p + 3. What is the remainder when 19 is divided by z?
9
Let v = -56 - -93. Calculate the remainder when v is divided by -2*74/(-12) + (-4)/(-6).
11
Calculate the remainder when (-6)/10 + ((-1038)/15)/(-2) is divided by 7.
6
Let a = 10 + -7. Suppose o + 238 = a*h, 43 = h - 2*o - 43. What is the remainder when h is divided by 20?
18
Let y(k) = -k + 7. Suppose 0 = -2*d + 2 - 0. Calculate the remainder when y(6) is divided by d.
0
What is the remainder when 30 is divided by (-1)/(2/(-22)) - 3?
6
Let m(r) = r**3 - 6*r**2 + 7*r - 5. Let o be m(5). Suppose -27 = -o*q + 28. Calculate the remainder when q is divided by 4.
3
Let w(v) = -v**3 - 3*v**2 - v. Calculate the remainder when 2/4 + 157/2 is divided by w(-4).
19
Let x(q) = 2*q**2 + 8*q + 7. Let t be x(-6). Suppose t - 7 = 3*z. Let y = -25 + 39. Calculate the remainder when y is divided by z.
6
Suppose 3*g + 1 = 5*c - 63, -2*c - 2*g = -32. Suppose -3*t - 5*k = -175, t = -2*k + 62 - 3. What is the remainder when t is divided by c?
13
Suppose 7*z + 24 = 11*z. What is the remainder when 11 is divided by z?
5
Let c(v) = -2*v + 0*v - 4*v. Let t(d) = -d**3 + 8*d**2 - 8*d + 4. Let q be t(7). What is the remainder when 52 is divided by c(q)?
16
Let g = 33 + -24. Calculate the remainder when 14 is divided by g.
5
Suppose -3*k + 4*u = -k + 6, 0 = -4*k + 4*u. Suppose o = -2*o + 12, 0 = -4*i + k*o - 44. What is the remainder when (-434)/i + 4/(-16) is divided by 19?
16
Suppose -2*p = -p - 9. What is the remainder when (-9)/(27/15) + 20 is divided by p?
6
Let l be (-14)/(6/3 - 3). Let a(f) = 3*f - 1 + l*f**2 - 2*f - 2*f - f. Calculate the remainder when a(-2) is divided by 20.
19
Suppose -3*w + 3*o + 65 = 5, 2*w - o = 42. What is the remainder when 41 is divided by w?
19
Suppose 24*l - 7*l - 1887 = 0. Calculate the remainder when l is divided by 29.
24
Let r be 122/(-14) + 2/(-7). Let k(t) = 3 - 2*t + 4 + 0*t. Calculate the remainder when k(r) is divided by 13.
12
Calculate the remainder when 27 is divided by (4/(-6))/(8/(-120)).
7
Let i(g) = 7*g**2 + 2*g + 3. Let j(v) = -8*v - 1. Suppose 0 = -3*o + 2*k - 0*k - 2, 0 = 5*o - 2*k + 6. Calculate the remainder when i(-2) is divided by j(o).
12
Suppose -4*r = -555 + 491. What is the remainder when 123 is divided by r?
11
Let t(z) = z**3 + 4*z**2 - 2*z - 3. Let y be t(-4). Suppose 0*s + 85 = y*s. Suppose 2*x = 4*x - 66. Calculate the remainder when x is divided by s.
16
Let j(c) = -5*c. Suppose -2*t - 3 = 9. Let y(f) = f**3 + 7*f**2 + 7*f + 9. Calculate the remainder when j(-1) is divided by y(t).
2
Let q(o) = -o + 127. What is the remainder when q(0) is divided by 32?
31
Suppose